5.
5, 233
What are the prime factors of 1895?
5, 379
List the prime factors of 10097.
23, 439
What are the prime factors of 2953?
2953
List the prime factors of 689.
13, 53
What are the prime factors of 33920?
2, 5, 53
What are the prime factors of 13271?
23, 577
List the prime factors of 183.
3, 61
What are the prime factors of 5879?
5879
What are the prime factors of 57811?
13, 4447
What are the prime factors of 128871?
3, 37, 43
What are the prime factors of 56350?
2, 5, 7, 23
What are the prime factors of 554?
2, 277
What are the prime factors of 14443?
11, 13, 101
What are the prime factors of 42475?
5, 1699
What are the prime factors of 30408?
2, 3, 7, 181
What are the prime factors of 6792?
2, 3, 283
List the prime factors of 5131.
7, 733
List the prime factors of 3362.
2, 41
What are the prime factors of 36166?
2, 13, 107
What are the prime factors of 24346?
2, 7, 37, 47
List the prime factors of 1963.
13, 151
List the prime factors of 54.
2, 3
List the prime factors of 1630.
2, 5, 163
What are the prime factors of 110247?
3, 36749
List the prime factors of 5076.
2, 3, 47
What are the prime factors of 16666?
2, 13, 641
List the prime factors of 2932.
2, 733
List the prime factors of 158330.
2, 5, 71, 223
List the prime factors of 6152.
2, 769
What are the prime factors of 7474?
2, 37, 101
What are the prime factors of 6778?
2, 3389
What are the prime factors of 8097?
3, 2699
List the prime factors of 11295.
3, 5, 251
List the prime factors of 46613.
7, 6659
List the prime factors of 2330.
2, 5, 233
What are the prime factors of 10721?
71, 151
List the prime factors of 46299.
3, 11, 23, 61
What are the prime factors of 744?
2, 3, 31
What are the prime factors of 41502?
2, 3, 6917
What are the prime factors of 3074?
2, 29, 53
What are the prime factors of 2484?
2, 3, 23
What are the prime factors of 7953?
3, 11, 241
List the prime factors of 20929.
20929
What are the prime factors of 9525?
3, 5, 127
List the prime factors of 331.
331
List the prime factors of 23177.
7, 11, 43
List the prime factors of 25097.
25097
What are the prime factors of 15397?
89, 173
List the prime factors of 2688.
2, 3, 7
What are the prime factors of 17490?
2, 3, 5, 11, 53
List the prime factors of 204.
2, 3, 17
What are the prime factors of 3790?
2, 5, 379
What are the prime factors of 7446?
2, 3, 17, 73
What are the prime factors of 41030?
2, 5, 11, 373
What are the prime factors of 15399?
3, 29, 59
What are the prime factors of 1326?
2, 3, 13, 17
List the prime factors of 19872.
2, 3, 23
List the prime factors of 96105.
3, 5, 43, 149
What are the prime factors of 226?
2, 113
List the prime factors of 6871.
6871
List the prime factors of 43192.
2, 5399
List the prime factors of 1958.
2, 11, 89
List the prime factors of 1632.
2, 3, 17
List the prime factors of 1391.
13, 107
List the prime factors of 11462.
2, 11, 521
List the prime factors of 7713.
3, 857
What are the prime factors of 55080?
2, 3, 5, 17
List the prime factors of 10951.
47, 233
List the prime factors of 1983.
3, 661
What are the prime factors of 56581?
7, 59, 137
What are the prime factors of 15941?
19, 839
List the prime factors of 3522.
2, 3, 587
What are the prime factors of 96?
2, 3
What are the prime factors of 3216?
2, 3, 67
List the prime factors of 1366.
2, 683
What are the prime factors of 11953?
11953
List the prime factors of 2327.
13, 179
What are the prime factors of 115413?
3, 17, 31, 73
What are the prime factors of 13310?
2, 5, 11
List the prime factors of 543.
3, 181
List the prime factors of 56018.
2, 37, 757
List the prime factors of 45956.
2, 11489
List the prime factors of 39786.
2, 3, 19, 349
What are the prime factors of 311?
311
List the prime factors of 259.
7, 37
List the prime factors of 1304.
2, 163
List the prime factors of 8118.
2, 3, 11, 41
List the prime factors of 885.
3, 5, 59
List the prime factors of 10139.
10139
List the prime factors of 82346.
2, 11, 19, 197
What are the prime factors of 12500?
2, 5
List the prime factors of 1478.
2, 739
What are the prime factors of 609?
3, 7, 29
List the prime factors of 44337.
3, 14779
What are the prime factors of 29159?
13, 2243
List the prime factors of 11144.
2, 7, 199
What are the prime factors of 7755?
3, 5, 11, 47
What are the prime factors of 1494?
2, 3, 83
List the prime factors of 18878.
2, 9439
What are the prime factors of 11752?
2, 13, 113
List the prime factors of 5383.
7, 769
What are the prime factors of 41830?
2, 5, 47, 89
What are the prime factors of 30182?
2, 15091
What are the prime factors of 2366?
2, 7, 13
List the prime factors of 1144.
2, 11, 13
What are the prime factors of 49619?
29, 59
What are the prime factors of 4637?
4637
List the prime factors of 15720.
2, 3, 5, 131
What are the prime factors of 2124?
2, 3, 59
List the prime factors of 94146.
2, 3, 13, 17, 71
List the prime factors of 3851.
3851
What are the prime factors of 6614?
2, 3307
List the prime factors of 3906.
2, 3, 7, 31
What are the prime factors of 35003?
17, 29, 71
List the prime factors of 142676.
2, 53, 673
What are the prime factors of 553?
7, 79
What are the prime factors of 681?
3, 227
What are the prime factors of 7584?
2, 3, 79
List the prime factors of 14762.
2, 11, 61
What are the prime factors of 13205?
5, 19, 139
List the prime factors of 62321.
7, 29, 307
List the prime factors of 20643.
3, 7, 983
What are the prime factors of 8391?
3, 2797
List the prime factors of 867.
3, 17
List the prime factors of 4732.
2, 7, 13
List the prime factors of 947.
947
What are the prime factors of 68067?
3, 2521
What are the prime factors of 986?
2, 17, 29
List the prime factors of 303.
3, 101
What are the prime factors of 29236?
2, 7309
List the prime factors of 7196.
2, 7, 257
List the prime factors of 2582.
2, 1291
List the prime factors of 456.
2, 3, 19
List the prime factors of 96350.
2, 5, 41, 47
What are the prime factors of 3264?
2, 3, 17
List the prime factors of 1051.
1051
What are the prime factors of 12834?
2, 3, 23, 31
List the prime factors of 2098.
2, 1049
What are the prime factors of 70878?
2, 3, 11813
What are the prime factors of 1241?
17, 73
What are the prime factors of 17386?
2, 8693
List the prime factors of 5194.
2, 7, 53
What are the prime factors of 1600?
2, 5
What are the prime factors of 111141?
3, 53, 233
What are the prime factors of 6818?
2, 7, 487
What are the prime factors of 13719?
3, 17, 269
List the prime factors of 936.
2, 3, 13
List the prime factors of 10368.
2, 3
List the prime factors of 40548.
2, 3, 31, 109
List the prime factors of 178.
2, 89
List the prime factors of 1153.
1153
List the prime factors of 1345.
5, 269
What are the prime factors of 54681?
3, 11, 1657
What are the prime factors of 15888?
2, 3, 331
What are the prime factors of 14692?
2, 3673
List the prime factors of 7750.
2, 5, 31
What are the prime factors of 5489?
11, 499
List the prime factors of 269.
269
What are the prime factors of 388?
2, 97
List the prime factors of 2203.
2203
What are the prime factors of 97070?
2, 5, 17, 571
What are the prime factors of 22406?
2, 17, 659
List the prime factors of 6052.
2, 17, 89
List the prime factors of 4493.
4493
What are the prime factors of 25410?
2, 3, 5, 7, 11
List the prime factors of 8389.
8389
List the prime factors of 1392.
2, 3, 29
List the prime factors of 3206.
2, 7, 229
What are the prime factors of 2827?
11, 257
What are the prime factors of 7630?
2, 5, 7, 109
List the prime factors of 2295.
3, 5, 17
List the prime factors of 842.
2, 421
List the prime factors of 24035.
5, 11, 19, 23
List the prime factors of 1749.
3, 11, 53
List the prime factors of 398.
2, 199
List the prime factors of 25449.
3, 17, 499
List the prime factors of 5297.
5297
What are the prime factors of 30781?
30781
What are the prime factors of 4801?
4801
What are the prime factors of 3200?
2, 5
What are the prime factors of 1665?
3, 5, 37
What are the prime factors of 1566?
2, 3, 29
List the prime factors of 133215.
3, 5, 83, 107
What are the prime factors of 22985?
5, 4597
What are the prime factors of 48767?
48767
List the prime factors of 1288.
2, 7, 23
What are the prime factors of 28765?
5, 11, 523
What are the prime factors of 2778?
2, 3, 463
What are the prime factors of 71102?
2, 7